r?
True
Suppose 6 = -5*u + 21. Let o(r) = 7*r**2 - 58*r + 69. Let a be o(7). Suppose a*s = u*s + 1011. Is s composite?
False
Let q be (3 - (-6)/(-3))*(12 - 8). Suppose q*g = -g + 10. Suppose 0 = -3*r - 5*o + 1443, 2256 + 149 = 5*r + g*o. Is r a prime number?
False
Let w = 19 + -8. Let u(y) = 8*y**2 - 8*y - 17. Is u(w) prime?
True
Suppose -66 - 182 = 4*r. Let g be -1 + r/(-14) + 87/(-203). Suppose -5*q = l - 0*l - 1818, 5472 = 3*l - g*q. Is l a composite number?
False
Suppose -364*f + 379*f - 1211655 = 0. Is f a prime number?
True
Let u be -3*25*(-6)/(-90). Is (-12234)/u + (-2)/(-90)*9 a prime number?
True
Let u = 78 - 76. Let j be (-21)/35 - 63266/(-10). Suppose j = u*f + 3*o + o, -f - o = -3163. Is f composite?
False
Let n be -12*((-2533)/12 + (-3)/12). Let w(a) = 41*a**3 + 2*a**2 + 4*a + 4. Let j be w(-3). Let i = n + j. Is i composite?
False
Suppose -1093477 = -9*f + 662594. Is f prime?
False
Let f be (-6)/6 - (4 - (4 + 4)). Suppose -f*b - 12014 = -2*w, -12*b + 14*b + 12014 = 2*w. Is w a composite number?
False
Suppose -5*a + 10*a - 3*d - 4185 = 0, -a - 3*d + 855 = 0. Let p = a + -361. Is p composite?
False
Let r(t) be the third derivative of 1057*t**5/60 - t**3/3 - 8*t**2 + 4. Is r(-1) composite?
True
Let w = 24856 - -10243. Is w composite?
False
Suppose 0 = 3*z + 37*b - 34*b - 138, 180 = 4*z + 5*b. Suppose -54*t = -z*t - 19076. Is t composite?
True
Suppose 1250014 = d - 3*b, 0 = -4*d + 9*b - 7*b + 5000006. Is d prime?
True
Let a be (-120)/(-16)*4/(-5). Let d be -2*(18285/a - -2). Suppose -g + 5*q + 1457 = 0, -1298 = -5*g - q + d. Is g prime?
False
Let p(n) = -3247*n + 449. Is p(-10) prime?
False
Let d(u) = 92*u + 223. Suppose 909*g - 80 = 905*g. Is d(g) a prime number?
True
Let z(b) be the first derivative of -11089*b**4/4 - b**2/2 - b - 55. Is z(-1) a composite number?
True
Suppose -5*r - 3*u + 39932 = 0, -u + 3 + 1 = 0. Suppose 7981 = 5*d + 4*f, 0 = -5*d + 3*f - 4*f + r. Is d a composite number?
False
Suppose -2*n + 387451 = -c, -4*n - 57*c = -55*c - 774930. Is n composite?
True
Let v(u) = 53*u + 14*u + 28*u + 64 + 12*u + 173. Is v(28) a composite number?
True
Let l(t) = 3414*t**3 + 3*t**2 - 4*t - 2. Let h be l(2). Suppose 0 = 6*n - 9520 - h. Is n composite?
True
Suppose 331221 = -23*a + 26*a + 5*z, 2*a - 220814 = -2*z. Is a prime?
False
Suppose -3*g - 3*v = -4*v - 12, -4*v = -3*g + 12. Is ((-11526)/g - 5)*(0 + -2) composite?
True
Let a(j) = 2*j**3 + 3*j**2 - 1. Let t be a(-1). Suppose t = d - 1755 - 165. Suppose 459 = -3*i + d. Is i a composite number?
False
Suppose -11*s - 98487 = -249341. Suppose 3439 = n - 0*w - 4*w, 4*n - 2*w = s. Is n composite?
True
Let w(j) = j**3 - 25*j**2 + 47*j - 20. Let a be w(23). Suppose -11 + 8 = -a*b, -5*b = 2*l - 3091. Is l a prime number?
True
Let x = -1756 - -4087. Let s = -1016 + x. Is s a prime number?
False
Let x(p) = 1902*p**2 + 4*p + 1. Suppose -6*t + 7*t = -2*m + 8, 2*m = 6. Is x(t) a prime number?
False
Let f = 379 - 376. Let x(u) = 137*u**3 + u**2 - 4*u - 13. Is x(f) a composite number?
True
Let d(u) = u**2 - 9*u + 17. Suppose -3*t - 18 = -36. Let a be d(t). Is -122*(22/4)/a a prime number?
False
Let r be (-2492)/(-26) - (-6)/39. Is 3/4*r/72 - -4357 a prime number?
False
Suppose 4*t + 9 = -3, 12614 = -2*g + 4*t. Let b = 9092 + g. Is b prime?
False
Suppose -t + 23*j = 18*j - 75536, -5*j - 226578 = -3*t. Is t a prime number?
True
Let t = -76 - -80. Suppose -38010 = 2*d + t*d. Is d/(-25) - 6/15 prime?
False
Let c(d) = 93*d + 58. Let y be c(29). Let t = y - 633. Is t a composite number?
True
Suppose 11*x = 13*x - 6*x + 610724. Is x composite?
False
Let g(z) = 4*z**2 - z + 10. Let f be g(16). Suppose -2*w - 3*w + 5*k + 1700 = 0, 3*w - f = k. Suppose -w - 586 = -5*v. Is v a prime number?
False
Let p(r) = 1031*r - 25. Let c be p(7). Let n = 10625 - c. Is n a prime number?
True
Let j(l) = -21*l + 271. Let x be j(13). Is 55534/x*(-13)/13 prime?
True
Suppose 667 = -k - 395. Let z = -551 - k. Is z a prime number?
False
Suppose -5126 = -3*a + 5*l + 12805, 0 = -3*a - l + 17931. Suppose -4*j + a = 1941. Is j prime?
True
Let i be 4 + 5/((-25)/20). Suppose 0 = -i*x - 2*x + 5*r + 3, -x = -4*r. Is (-438 - 1)/((-4)/x) prime?
True
Suppose 0*o + 34 = 2*o. Let k(y) = -13 - 21*y + 0 + 195*y - 17 - 35*y. Is k(o) a composite number?
False
Let p(o) = o**2 - 9*o + 19. Suppose -a - 2 = -11. Let y be p(a). Let c(u) = -u**3 + 20*u**2 - 15*u - 23. Is c(y) prime?
True
Let p = 16 + -8. Suppose p*b - 2513 = b. Is b composite?
False
Suppose 0 = -126*f - 49*f + 6008975. Is f prime?
True
Let y(k) = -85*k**2 + 14*k - 18. Let p(q) = -28*q**2 + 5*q - 7. Let o(t) = 11*p(t) - 4*y(t). Is o(2) composite?
True
Let x be 18/4*((-24)/(-6) - -222). Suppose j - 640 - x = 0. Let u = 3014 - j. Is u composite?
True
Suppose 4*y + 19*g = 16*g + 574036, -3*y = -5*g - 430527. Is y composite?
False
Suppose -59*y + 0*y = -4058315. Is y prime?
False
Let z(f) = -1984*f + 157. Suppose 3*k + 3*t + 21 = 0, 23*t - 22*t = 2*k + 8. Is z(k) prime?
False
Suppose 0 = 7*s - 407870 - 54599. Is s composite?
False
Let m(l) = -l**3 - 7*l**2 - l + 22. Let b be m(-6). Let j(i) = 3*i**2 + i + 5 + 0 + 2*i**2. Is j(b) composite?
False
Suppose -1883*k = -1892*k + 747801. Is k a prime number?
True
Let q(a) = a**3 + 19*a**2 - 11*a + 14. Let g = 120 + -180. Let m = 41 + g. Is q(m) a composite number?
False
Let d(l) = 238*l**2 - 10*l + 9. Let m be (-204)/(-26) + (-10)/(-65). Is d(m) a prime number?
True
Let c(b) = -11*b + 1953*b**2 + 55 - 1914*b**2 + b**3 - 8*b. Is c(-38) a composite number?
False
Suppose -9*m + 14*m = -2020. Let f = -229 - m. Let j = f + 504. Is j a prime number?
False
Suppose -5*g - 5*m + 237720 = 0, -4*g - 283*m + 190168 = -287*m. Is g a prime number?
True
Suppose -25768*i + 25761*i = -644357. Is i a prime number?
True
Let q(a) = a**2 + a - 1. Let f be q(-3). Suppose -3*s = 3*j - j - 2, -5*j = 5*s + f. Suppose 5*r - 120 = -5*n, -s*n + 18 + 43 = -3*r. Is n composite?
False
Suppose -57520795 = 161*h - 190893356. Is h prime?
False
Let d = 50 + -48. Suppose -3*j - 4 = -0*j - 5*t, 4*j - d = 3*t. Is 1 - (-1138 + (-4)/(4 - j)) prime?
False
Suppose -46691 + 4381 = -5*a. Suppose a = 4*r - 7538. Suppose 8*c - r - 1176 = 0. Is c a composite number?
False
Let o = 56 + -58. Is (o + 0/1)*52282/(-4) a composite number?
False
Is 18/(-30)*(-3977450)/15 composite?
True
Let h = 83861 - 39615. Let i = h - 29449. Is i composite?
False
Let k(h) = 2*h**2 + 8*h - 32. Let f be k(3). Suppose 15*s = f*s + 40195. Is s a composite number?
False
Let g = 79 - 83. Let z be 2/(-4) + 30/g + -2. Let r = z - -89. Is r a composite number?
False
Let f = 44414 + -20997. Is f a prime number?
True
Suppose 8*a = 16755 + 107141. Let y = -9300 + a. Is y a prime number?
False
Let t be (56071/188)/(1/76). Suppose 5443 + t = 30*l. Is l composite?
False
Let r(p) = 3*p + 33. Let x be r(-14). Let y = 14 + x. Suppose 8958 = y*n + 223. Is n composite?
False
Let w = -68 - -70. Let t(m) = 426*m - 13. Let p be t(w). Let s = p - -444. Is s a prime number?
True
Suppose -4*x = -5*j + 103, 2*x + 107 = 4*j + 7*x. Suppose 28*i = j*i + 15. Suppose -5*z - 5*t + 10250 = 0, -4*t - 2799 - 3330 = -i*z. Is z a prime number?
False
Suppose -25*n = 4*y - 29*n - 492664, -615830 = -5*y + 4*n. Is y composite?
True
Suppose 3*t + 150 = 159. Suppose -h - t*h = -2*a - 108712, 135897 = 5*h + a. Is h a prime number?
True
Let z = 541 - 537. Suppose -2*p = z*w - 9*w + 101433, 4*w + p - 81149 = 0. Is w prime?
True
Let k(m) = -15*m**2 + 21*m + 20. Let j(q) = 31*q**2 - 42*q - 41. Let g(b) = -6*j(b) - 13*k(b). Let z be g(8). Let l = -273 + z. Is l prime?
False
Let u = 29 + -27. Is (-15)/5 - ((-7341 - u) + -3) a prime number?
False
Suppose 20*i - 5038906 - 21546757 = 1681557. Is i prime?
True
Suppose -97*c + 10 = -92*c. Suppose 5*u - 154 = -s, -c*s = -s - 4*u - 181. Suppose -a + 263 = 2*g, -a + 94 + s = g. Is a composite?
False
Is 1508632*(11 + (-522)/48) composite?
False
Let i be (-3 + -1 + 374)/(-1). Let d = -19 - i. Suppose -5*n - 448 - d = -2*s, -401 = -s + 4*n. Is s prime?
True
Suppose 4*g = 4*a - 6651260, 9*a + 377*g - 14965319 = 382*g. Is a a prime number?
False
Let z = 32 - 30. Suppose -2*n - n - 4 = z*s, -n = s. Suppose 0 = -s*x + 6*x - 2338. Is x a prime number?
False
Let j be (-6)/15 - (-238322)/(-70). Let p = 8552 + j. Is p p